{"id":176,"date":"2021-10-20T14:04:38","date_gmt":"2021-10-20T14:04:38","guid":{"rendered":"https:\/\/zum-plothenteich.de\/?page_id=176"},"modified":"2021-10-24T16:58:53","modified_gmt":"2021-10-24T14:58:53","slug":"events","status":"publish","type":"page","link":"https:\/\/zum-plothenteich.de\/index.php\/events\/","title":{"rendered":"Events"},"content":{"rendered":"\n<p class=\"has-medium-font-size\">Besuchen Sie uns auch bei verschiedenen kulinarischen Events entsprechend der Saison. Gern richten wir auch Familienfeiern aller Art (10 bis 80 Personen) in unseren R\u00e4umlichkeiten f\u00fcr Sie aus.<\/p>\n\n\n\n<h2 class=\"wp-block-heading\">Unsere Gastr\u00e4ume:<\/h2>\n\n\n\n<figure class=\"wp-block-gallery columns-3 is-cropped wp-block-gallery-1 is-layout-flex wp-block-gallery-is-layout-flex\"><ul class=\"blocks-gallery-grid\"><li class=\"blocks-gallery-item\"><figure><img loading=\"lazy\" decoding=\"async\" width=\"1024\" height=\"684\" src=\"https:\/\/zum-plothenteich.de\/wp-content\/uploads\/2021\/10\/CGZ_7988-1024x684.jpg\" alt=\"\" data-id=\"205\" data-full-url=\"https:\/\/zum-plothenteich.de\/wp-content\/uploads\/2021\/10\/CGZ_7988.jpg\" data-link=\"https:\/\/zum-plothenteich.de\/index.php\/uebernachtung\/cgz_7988\/\" class=\"wp-image-205\" srcset=\"https:\/\/zum-plothenteich.de\/wp-content\/uploads\/2021\/10\/CGZ_7988-1024x684.jpg 1024w, https:\/\/zum-plothenteich.de\/wp-content\/uploads\/2021\/10\/CGZ_7988-300x200.jpg 300w, https:\/\/zum-plothenteich.de\/wp-content\/uploads\/2021\/10\/CGZ_7988-768x513.jpg 768w, https:\/\/zum-plothenteich.de\/wp-content\/uploads\/2021\/10\/CGZ_7988-1536x1025.jpg 1536w, https:\/\/zum-plothenteich.de\/wp-content\/uploads\/2021\/10\/CGZ_7988-350x234.jpg 350w, https:\/\/zum-plothenteich.de\/wp-content\/uploads\/2021\/10\/CGZ_7988.jpg 2000w\" sizes=\"auto, (max-width: 706px) 89vw, (max-width: 767px) 82vw, 740px\" \/><\/figure><\/li><li class=\"blocks-gallery-item\"><figure><img loading=\"lazy\" decoding=\"async\" width=\"1024\" height=\"684\" src=\"https:\/\/zum-plothenteich.de\/wp-content\/uploads\/2021\/10\/CGZ_7986-1024x684.jpg\" alt=\"\" data-id=\"204\" data-full-url=\"https:\/\/zum-plothenteich.de\/wp-content\/uploads\/2021\/10\/CGZ_7986.jpg\" data-link=\"https:\/\/zum-plothenteich.de\/index.php\/uebernachtung\/cgz_7986\/\" class=\"wp-image-204\" srcset=\"https:\/\/zum-plothenteich.de\/wp-content\/uploads\/2021\/10\/CGZ_7986-1024x684.jpg 1024w, https:\/\/zum-plothenteich.de\/wp-content\/uploads\/2021\/10\/CGZ_7986-300x200.jpg 300w, https:\/\/zum-plothenteich.de\/wp-content\/uploads\/2021\/10\/CGZ_7986-768x513.jpg 768w, https:\/\/zum-plothenteich.de\/wp-content\/uploads\/2021\/10\/CGZ_7986-1536x1025.jpg 1536w, https:\/\/zum-plothenteich.de\/wp-content\/uploads\/2021\/10\/CGZ_7986-350x234.jpg 350w, https:\/\/zum-plothenteich.de\/wp-content\/uploads\/2021\/10\/CGZ_7986.jpg 2000w\" sizes=\"auto, (max-width: 706px) 89vw, (max-width: 767px) 82vw, 740px\" \/><\/figure><\/li><li class=\"blocks-gallery-item\"><figure><img loading=\"lazy\" decoding=\"async\" width=\"1024\" height=\"684\" src=\"https:\/\/zum-plothenteich.de\/wp-content\/uploads\/2021\/10\/CGZ_7985-1024x684.jpg\" alt=\"\" data-id=\"203\" data-full-url=\"https:\/\/zum-plothenteich.de\/wp-content\/uploads\/2021\/10\/CGZ_7985.jpg\" data-link=\"https:\/\/zum-plothenteich.de\/index.php\/uebernachtung\/cgz_7985\/\" class=\"wp-image-203\" srcset=\"https:\/\/zum-plothenteich.de\/wp-content\/uploads\/2021\/10\/CGZ_7985-1024x684.jpg 1024w, https:\/\/zum-plothenteich.de\/wp-content\/uploads\/2021\/10\/CGZ_7985-300x200.jpg 300w, https:\/\/zum-plothenteich.de\/wp-content\/uploads\/2021\/10\/CGZ_7985-768x513.jpg 768w, https:\/\/zum-plothenteich.de\/wp-content\/uploads\/2021\/10\/CGZ_7985-1536x1025.jpg 1536w, https:\/\/zum-plothenteich.de\/wp-content\/uploads\/2021\/10\/CGZ_7985-350x234.jpg 350w, https:\/\/zum-plothenteich.de\/wp-content\/uploads\/2021\/10\/CGZ_7985.jpg 2000w\" sizes=\"auto, (max-width: 706px) 89vw, (max-width: 767px) 82vw, 740px\" \/><\/figure><\/li><li class=\"blocks-gallery-item\"><figure><img loading=\"lazy\" decoding=\"async\" width=\"1024\" height=\"684\" src=\"https:\/\/zum-plothenteich.de\/wp-content\/uploads\/2021\/10\/CGZ_7984-1024x684.jpg\" alt=\"\" data-id=\"202\" data-full-url=\"https:\/\/zum-plothenteich.de\/wp-content\/uploads\/2021\/10\/CGZ_7984.jpg\" data-link=\"https:\/\/zum-plothenteich.de\/index.php\/uebernachtung\/cgz_7984\/\" class=\"wp-image-202\" srcset=\"https:\/\/zum-plothenteich.de\/wp-content\/uploads\/2021\/10\/CGZ_7984-1024x684.jpg 1024w, https:\/\/zum-plothenteich.de\/wp-content\/uploads\/2021\/10\/CGZ_7984-300x200.jpg 300w, https:\/\/zum-plothenteich.de\/wp-content\/uploads\/2021\/10\/CGZ_7984-768x513.jpg 768w, https:\/\/zum-plothenteich.de\/wp-content\/uploads\/2021\/10\/CGZ_7984-1536x1025.jpg 1536w, https:\/\/zum-plothenteich.de\/wp-content\/uploads\/2021\/10\/CGZ_7984-350x234.jpg 350w, https:\/\/zum-plothenteich.de\/wp-content\/uploads\/2021\/10\/CGZ_7984.jpg 2000w\" sizes=\"auto, (max-width: 706px) 89vw, (max-width: 767px) 82vw, 740px\" \/><\/figure><\/li><li class=\"blocks-gallery-item\"><figure><img decoding=\"async\" src=\"https:\/\/zum-plothenteich.de\/wp-content\/uploads\/2021\/10\/CGZ_7983-1024x684.jpg\" alt=\"\" data-id=\"201\" data-full-url=\"https:\/\/zum-plothenteich.de\/wp-content\/uploads\/2021\/10\/CGZ_7983.jpg\" data-link=\"https:\/\/zum-plothenteich.de\/index.php\/uebernachtung\/cgz_7983\/\" class=\"wp-image-201\"\/><\/figure><\/li><\/ul><\/figure>\n\n\n\n<hr class=\"wp-block-separator has-text-color has-background has-luminous-vivid-amber-background-color has-luminous-vivid-amber-color is-style-wide\"\/>\n\n\n\n<h2 class=\"wp-block-heading\">Liste der aktuell anstehenden Veranstaltungen:<\/h2>\n\n\n<div class=\"em em-view-container\" id=\"em-view-1079778576\" data-view=\"list\">\r\n\t<div class=\"em pixelbones em-list em-events-list\" id=\"em-events-list-1079778576\" data-view-id=\"1079778576\">\r\n\tKeine  Veranstaltungen\t<\/div>\r\n<\/div>\n","protected":false},"excerpt":{"rendered":"<p>Besuchen Sie uns auch bei verschiedenen kulinarischen Events entsprechend der Saison. Gern richten wir auch Familienfeiern aller Art (10 bis 80 Personen) in unseren R\u00e4umlichkeiten f\u00fcr Sie aus. Unsere Gastr\u00e4ume: Liste der aktuell anstehenden Veranstaltungen:<\/p>\n","protected":false},"author":3,"featured_media":0,"parent":0,"menu_order":0,"comment_status":"closed","ping_status":"closed","template":"","meta":{"footnotes":""},"class_list":["post-176","page","type-page","status-publish","hentry"],"yoast_head":"<!-- This site is optimized with the Yoast SEO plugin v20.5 - https:\/\/yoast.com\/wordpress\/plugins\/seo\/ -->\n<title>Events - Gasthaus &quot;Zum Plothenteich&quot;<\/title>\n<meta name=\"robots\" content=\"index, follow, max-snippet:-1, max-image-preview:large, max-video-preview:-1\" \/>\n<link rel=\"canonical\" href=\"https:\/\/zum-plothenteich.de\/index.php\/events\/\" \/>\n<meta property=\"og:locale\" content=\"de_DE\" \/>\n<meta property=\"og:type\" content=\"article\" \/>\n<meta property=\"og:title\" content=\"Events - Gasthaus &quot;Zum Plothenteich&quot;\" \/>\n<meta property=\"og:description\" content=\"Besuchen Sie uns auch bei verschiedenen kulinarischen Events entsprechend der Saison. Gern richten wir auch Familienfeiern aller Art (10 bis 80 Personen) in unseren R\u00e4umlichkeiten f\u00fcr Sie aus. Unsere Gastr\u00e4ume: Liste der aktuell anstehenden Veranstaltungen:\" \/>\n<meta property=\"og:url\" content=\"https:\/\/zum-plothenteich.de\/index.php\/events\/\" \/>\n<meta property=\"og:site_name\" content=\"Gasthaus &quot;Zum Plothenteich&quot;\" \/>\n<meta property=\"article:modified_time\" content=\"2021-10-24T14:58:53+00:00\" \/>\n<meta property=\"og:image\" content=\"https:\/\/zum-plothenteich.de\/wp-content\/uploads\/2021\/10\/CGZ_7988-1024x684.jpg\" \/>\n<meta name=\"twitter:card\" content=\"summary_large_image\" \/>\n<meta name=\"twitter:label1\" content=\"Gesch\u00e4tzte Lesezeit\" \/>\n\t<meta name=\"twitter:data1\" content=\"2\u00a0Minuten\" \/>\n<script type=\"application\/ld+json\" class=\"yoast-schema-graph\">{\"@context\":\"https:\/\/schema.org\",\"@graph\":[{\"@type\":\"WebPage\",\"@id\":\"https:\/\/zum-plothenteich.de\/index.php\/events\/\",\"url\":\"https:\/\/zum-plothenteich.de\/index.php\/events\/\",\"name\":\"Events - Gasthaus &quot;Zum Plothenteich&quot;\",\"isPartOf\":{\"@id\":\"https:\/\/zum-plothenteich.de\/#website\"},\"datePublished\":\"2021-10-20T14:04:38+00:00\",\"dateModified\":\"2021-10-24T14:58:53+00:00\",\"breadcrumb\":{\"@id\":\"https:\/\/zum-plothenteich.de\/index.php\/events\/#breadcrumb\"},\"inLanguage\":\"de\",\"potentialAction\":[{\"@type\":\"ReadAction\",\"target\":[\"https:\/\/zum-plothenteich.de\/index.php\/events\/\"]}]},{\"@type\":\"BreadcrumbList\",\"@id\":\"https:\/\/zum-plothenteich.de\/index.php\/events\/#breadcrumb\",\"itemListElement\":[{\"@type\":\"ListItem\",\"position\":1,\"name\":\"Startseite\",\"item\":\"https:\/\/zum-plothenteich.de\/\"},{\"@type\":\"ListItem\",\"position\":2,\"name\":\"Events\"}]},{\"@type\":\"WebSite\",\"@id\":\"https:\/\/zum-plothenteich.de\/#website\",\"url\":\"https:\/\/zum-plothenteich.de\/\",\"name\":\"Gasthaus &quot;Zum Plothenteich&quot;\",\"description\":\"Gut essen im &quot;Land der tausend Teiche&quot;\",\"potentialAction\":[{\"@type\":\"SearchAction\",\"target\":{\"@type\":\"EntryPoint\",\"urlTemplate\":\"https:\/\/zum-plothenteich.de\/?s={search_term_string}\"},\"query-input\":\"required name=search_term_string\"}],\"inLanguage\":\"de\"}]}<\/script>\n<!-- \/ Yoast SEO plugin. -->","yoast_head_json":{"title":"Events - Gasthaus &quot;Zum Plothenteich&quot;","robots":{"index":"index","follow":"follow","max-snippet":"max-snippet:-1","max-image-preview":"max-image-preview:large","max-video-preview":"max-video-preview:-1"},"canonical":"https:\/\/zum-plothenteich.de\/index.php\/events\/","og_locale":"de_DE","og_type":"article","og_title":"Events - Gasthaus &quot;Zum Plothenteich&quot;","og_description":"Besuchen Sie uns auch bei verschiedenen kulinarischen Events entsprechend der Saison. Gern richten wir auch Familienfeiern aller Art (10 bis 80 Personen) in unseren R\u00e4umlichkeiten f\u00fcr Sie aus. Unsere Gastr\u00e4ume: Liste der aktuell anstehenden Veranstaltungen:","og_url":"https:\/\/zum-plothenteich.de\/index.php\/events\/","og_site_name":"Gasthaus &quot;Zum Plothenteich&quot;","article_modified_time":"2021-10-24T14:58:53+00:00","og_image":[{"url":"https:\/\/zum-plothenteich.de\/wp-content\/uploads\/2021\/10\/CGZ_7988-1024x684.jpg"}],"twitter_card":"summary_large_image","twitter_misc":{"Gesch\u00e4tzte Lesezeit":"2\u00a0Minuten"},"schema":{"@context":"https:\/\/schema.org","@graph":[{"@type":"WebPage","@id":"https:\/\/zum-plothenteich.de\/index.php\/events\/","url":"https:\/\/zum-plothenteich.de\/index.php\/events\/","name":"Events - Gasthaus &quot;Zum Plothenteich&quot;","isPartOf":{"@id":"https:\/\/zum-plothenteich.de\/#website"},"datePublished":"2021-10-20T14:04:38+00:00","dateModified":"2021-10-24T14:58:53+00:00","breadcrumb":{"@id":"https:\/\/zum-plothenteich.de\/index.php\/events\/#breadcrumb"},"inLanguage":"de","potentialAction":[{"@type":"ReadAction","target":["https:\/\/zum-plothenteich.de\/index.php\/events\/"]}]},{"@type":"BreadcrumbList","@id":"https:\/\/zum-plothenteich.de\/index.php\/events\/#breadcrumb","itemListElement":[{"@type":"ListItem","position":1,"name":"Startseite","item":"https:\/\/zum-plothenteich.de\/"},{"@type":"ListItem","position":2,"name":"Events"}]},{"@type":"WebSite","@id":"https:\/\/zum-plothenteich.de\/#website","url":"https:\/\/zum-plothenteich.de\/","name":"Gasthaus &quot;Zum Plothenteich&quot;","description":"Gut essen im &quot;Land der tausend Teiche&quot;","potentialAction":[{"@type":"SearchAction","target":{"@type":"EntryPoint","urlTemplate":"https:\/\/zum-plothenteich.de\/?s={search_term_string}"},"query-input":"required name=search_term_string"}],"inLanguage":"de"}]}},"_links":{"self":[{"href":"https:\/\/zum-plothenteich.de\/index.php\/wp-json\/wp\/v2\/pages\/176","targetHints":{"allow":["GET"]}}],"collection":[{"href":"https:\/\/zum-plothenteich.de\/index.php\/wp-json\/wp\/v2\/pages"}],"about":[{"href":"https:\/\/zum-plothenteich.de\/index.php\/wp-json\/wp\/v2\/types\/page"}],"author":[{"embeddable":true,"href":"https:\/\/zum-plothenteich.de\/index.php\/wp-json\/wp\/v2\/users\/3"}],"replies":[{"embeddable":true,"href":"https:\/\/zum-plothenteich.de\/index.php\/wp-json\/wp\/v2\/comments?post=176"}],"version-history":[{"count":20,"href":"https:\/\/zum-plothenteich.de\/index.php\/wp-json\/wp\/v2\/pages\/176\/revisions"}],"predecessor-version":[{"id":312,"href":"https:\/\/zum-plothenteich.de\/index.php\/wp-json\/wp\/v2\/pages\/176\/revisions\/312"}],"wp:attachment":[{"href":"https:\/\/zum-plothenteich.de\/index.php\/wp-json\/wp\/v2\/media?parent=176"}],"curies":[{"name":"wp","href":"https:\/\/api.w.org\/{rel}","templated":true}]}}